{"id":34,"date":"2025-04-23T12:50:48","date_gmt":"2025-04-23T12:50:48","guid":{"rendered":"https:\/\/pacifico.edu.ec\/web\/?page_id=34"},"modified":"2026-02-26T00:09:22","modified_gmt":"2026-02-26T00:09:22","slug":"vision","status":"publish","type":"page","link":"https:\/\/pacifico.edu.ec\/web\/index.php\/vision\/","title":{"rendered":"Visi\u00f3n"},"content":{"rendered":"\n<div class=\"wp-block-group alignfull\" style=\"padding-top:var(--wp--preset--spacing--50);padding-right:var(--wp--preset--spacing--50);padding-bottom:var(--wp--preset--spacing--50);padding-left:var(--wp--preset--spacing--50)\"><div class=\"wp-block-group__inner-container is-layout-constrained wp-container-core-group-is-layout-f4d13f5d wp-block-group-is-layout-constrained\">\n<div class=\"wp-block-group\"><div class=\"wp-block-group__inner-container is-layout-constrained wp-container-core-group-is-layout-04692c70 wp-block-group-is-layout-constrained\">\n<h1 class=\"wp-block-heading has-text-align-center has-small-font-size\">La Unidad Educativa Fiscomisional Pac\u00edfico Cembranos, basada en el Sistema Nacional de Educaci\u00f3n y la Filosof\u00eda Cristiana Cat\u00f3lica, brindar\u00e1 una educaci\u00f3n integral e inclusiva; con \u00e9tica, calidad y calidez; basado en las leyes naturales, la sabidur\u00eda ancestral y plurinacionalidad, que contribuya a fortalecer la identidad cultural y la construcci\u00f3n de una sociedad justa, pac\u00edfica, solidaria e innovadora.<\/h1>\n\n\n\n<div style=\"height:1.25rem\" aria-hidden=\"true\" class=\"wp-block-spacer\"><\/div>\n\n\n\n<p class=\"has-text-align-center\"><\/p>\n<\/div><\/div>\n\n\n\n<div style=\"height:var(--wp--preset--spacing--30)\" aria-hidden=\"true\" class=\"wp-block-spacer\"><\/div>\n\n\n\n<figure class=\"wp-block-image alignwide size-full is-style-rounded\"><img loading=\"lazy\" decoding=\"async\" width=\"731\" height=\"610\" src=\"https:\/\/pacifico.edu.ec\/web\/wp-content\/uploads\/2025\/04\/vision.jpg\" alt=\"\" class=\"wp-image-35\" srcset=\"https:\/\/pacifico.edu.ec\/web\/wp-content\/uploads\/2025\/04\/vision.jpg 731w, https:\/\/pacifico.edu.ec\/web\/wp-content\/uploads\/2025\/04\/vision-300x250.jpg 300w\" sizes=\"auto, (max-width: 731px) 100vw, 731px\" \/><\/figure>\n<\/div><\/div>\n","protected":false},"excerpt":{"rendered":"<p>La Unidad Educativa Fiscomisional Pac\u00edfico Cembranos, basada en el Sistema Nacional de Educaci\u00f3n y la Filosof\u00eda Cristiana Cat\u00f3lica, brindar\u00e1 una educaci\u00f3n integral e inclusiva; con \u00e9tica, calidad y calidez; basado en las leyes naturales, la sabidur\u00eda ancestral y plurinacionalidad, que &hellip; <a href=\"https:\/\/pacifico.edu.ec\/web\/index.php\/vision\/\">Sigue leyendo <span class=\"meta-nav\">&rarr;<\/span><\/a><\/p>\n","protected":false},"author":2,"featured_media":0,"parent":0,"menu_order":0,"comment_status":"closed","ping_status":"closed","template":"","meta":{"footnotes":""},"class_list":["post-34","page","type-page","status-publish","hentry"],"yoast_head":"<!-- This site is optimized with the Yoast SEO plugin v26.6 - https:\/\/yoast.com\/wordpress\/plugins\/seo\/ -->\n<title>Visi\u00f3n -<\/title>\n<meta name=\"robots\" content=\"index, follow, max-snippet:-1, max-image-preview:large, max-video-preview:-1\" \/>\n<link rel=\"canonical\" href=\"https:\/\/pacifico.edu.ec\/web\/index.php\/vision\/\" \/>\n<meta property=\"og:locale\" content=\"es_ES\" \/>\n<meta property=\"og:type\" content=\"article\" \/>\n<meta property=\"og:title\" content=\"Visi\u00f3n -\" \/>\n<meta property=\"og:description\" content=\"La Unidad Educativa Fiscomisional Pac\u00edfico Cembranos, basada en el Sistema Nacional de Educaci\u00f3n y la Filosof\u00eda Cristiana Cat\u00f3lica, brindar\u00e1 una educaci\u00f3n integral e inclusiva; con \u00e9tica, calidad y calidez; basado en las leyes naturales, la sabidur\u00eda ancestral y plurinacionalidad, que &hellip; Sigue leyendo &rarr;\" \/>\n<meta property=\"og:url\" content=\"https:\/\/pacifico.edu.ec\/web\/index.php\/vision\/\" \/>\n<meta property=\"article:publisher\" content=\"https:\/\/www.facebook.com\/pacifico.cembranos.35\" \/>\n<meta property=\"article:modified_time\" content=\"2026-02-26T00:09:22+00:00\" \/>\n<meta property=\"og:image\" content=\"https:\/\/pacifico.edu.ec\/web\/wp-content\/uploads\/2025\/04\/vision.jpg\" \/>\n\t<meta property=\"og:image:width\" content=\"731\" \/>\n\t<meta property=\"og:image:height\" content=\"610\" \/>\n\t<meta property=\"og:image:type\" content=\"image\/jpeg\" \/>\n<meta name=\"twitter:card\" content=\"summary_large_image\" \/>\n<meta name=\"twitter:label1\" content=\"Tiempo de lectura\" \/>\n\t<meta name=\"twitter:data1\" content=\"1 minuto\" \/>\n<script type=\"application\/ld+json\" class=\"yoast-schema-graph\">{\"@context\":\"https:\/\/schema.org\",\"@graph\":[{\"@type\":\"WebPage\",\"@id\":\"https:\/\/pacifico.edu.ec\/web\/index.php\/vision\/\",\"url\":\"https:\/\/pacifico.edu.ec\/web\/index.php\/vision\/\",\"name\":\"Visi\u00f3n -\",\"isPartOf\":{\"@id\":\"https:\/\/pacifico.edu.ec\/web\/#website\"},\"primaryImageOfPage\":{\"@id\":\"https:\/\/pacifico.edu.ec\/web\/index.php\/vision\/#primaryimage\"},\"image\":{\"@id\":\"https:\/\/pacifico.edu.ec\/web\/index.php\/vision\/#primaryimage\"},\"thumbnailUrl\":\"https:\/\/pacifico.edu.ec\/web\/wp-content\/uploads\/2025\/04\/vision.jpg\",\"datePublished\":\"2025-04-23T12:50:48+00:00\",\"dateModified\":\"2026-02-26T00:09:22+00:00\",\"breadcrumb\":{\"@id\":\"https:\/\/pacifico.edu.ec\/web\/index.php\/vision\/#breadcrumb\"},\"inLanguage\":\"es\",\"potentialAction\":[{\"@type\":\"ReadAction\",\"target\":[\"https:\/\/pacifico.edu.ec\/web\/index.php\/vision\/\"]}]},{\"@type\":\"ImageObject\",\"inLanguage\":\"es\",\"@id\":\"https:\/\/pacifico.edu.ec\/web\/index.php\/vision\/#primaryimage\",\"url\":\"https:\/\/pacifico.edu.ec\/web\/wp-content\/uploads\/2025\/04\/vision.jpg\",\"contentUrl\":\"https:\/\/pacifico.edu.ec\/web\/wp-content\/uploads\/2025\/04\/vision.jpg\",\"width\":731,\"height\":610},{\"@type\":\"BreadcrumbList\",\"@id\":\"https:\/\/pacifico.edu.ec\/web\/index.php\/vision\/#breadcrumb\",\"itemListElement\":[{\"@type\":\"ListItem\",\"position\":1,\"name\":\"Portada\",\"item\":\"https:\/\/pacifico.edu.ec\/web\/\"},{\"@type\":\"ListItem\",\"position\":2,\"name\":\"Visi\u00f3n\"}]},{\"@type\":\"WebSite\",\"@id\":\"https:\/\/pacifico.edu.ec\/web\/#website\",\"url\":\"https:\/\/pacifico.edu.ec\/web\/\",\"name\":\"Unidad Educativa Fiscomisional \\\"Pac\u00edfico Cembranos\\\"\",\"description\":\"\",\"publisher\":{\"@id\":\"https:\/\/pacifico.edu.ec\/web\/#organization\"},\"potentialAction\":[{\"@type\":\"SearchAction\",\"target\":{\"@type\":\"EntryPoint\",\"urlTemplate\":\"https:\/\/pacifico.edu.ec\/web\/?s={search_term_string}\"},\"query-input\":{\"@type\":\"PropertyValueSpecification\",\"valueRequired\":true,\"valueName\":\"search_term_string\"}}],\"inLanguage\":\"es\"},{\"@type\":\"Organization\",\"@id\":\"https:\/\/pacifico.edu.ec\/web\/#organization\",\"name\":\"Unidad Educativa Fiscomisional \\\"Pac\u00edfico Cembranos\\\"\",\"url\":\"https:\/\/pacifico.edu.ec\/web\/\",\"logo\":{\"@type\":\"ImageObject\",\"inLanguage\":\"es\",\"@id\":\"https:\/\/pacifico.edu.ec\/web\/#\/schema\/logo\/image\/\",\"url\":\"https:\/\/pacifico.edu.ec\/web\/wp-content\/uploads\/2025\/04\/escudo1.jpg\",\"contentUrl\":\"https:\/\/pacifico.edu.ec\/web\/wp-content\/uploads\/2025\/04\/escudo1.jpg\",\"width\":215,\"height\":183,\"caption\":\"Unidad Educativa Fiscomisional \\\"Pac\u00edfico Cembranos\\\"\"},\"image\":{\"@id\":\"https:\/\/pacifico.edu.ec\/web\/#\/schema\/logo\/image\/\"},\"sameAs\":[\"https:\/\/www.facebook.com\/pacifico.cembranos.35\"]}]}<\/script>\n<!-- \/ Yoast SEO plugin. -->","yoast_head_json":{"title":"Visi\u00f3n -","robots":{"index":"index","follow":"follow","max-snippet":"max-snippet:-1","max-image-preview":"max-image-preview:large","max-video-preview":"max-video-preview:-1"},"canonical":"https:\/\/pacifico.edu.ec\/web\/index.php\/vision\/","og_locale":"es_ES","og_type":"article","og_title":"Visi\u00f3n -","og_description":"La Unidad Educativa Fiscomisional Pac\u00edfico Cembranos, basada en el Sistema Nacional de Educaci\u00f3n y la Filosof\u00eda Cristiana Cat\u00f3lica, brindar\u00e1 una educaci\u00f3n integral e inclusiva; con \u00e9tica, calidad y calidez; basado en las leyes naturales, la sabidur\u00eda ancestral y plurinacionalidad, que &hellip; Sigue leyendo &rarr;","og_url":"https:\/\/pacifico.edu.ec\/web\/index.php\/vision\/","article_publisher":"https:\/\/www.facebook.com\/pacifico.cembranos.35","article_modified_time":"2026-02-26T00:09:22+00:00","og_image":[{"width":731,"height":610,"url":"https:\/\/pacifico.edu.ec\/web\/wp-content\/uploads\/2025\/04\/vision.jpg","type":"image\/jpeg"}],"twitter_card":"summary_large_image","twitter_misc":{"Tiempo de lectura":"1 minuto"},"schema":{"@context":"https:\/\/schema.org","@graph":[{"@type":"WebPage","@id":"https:\/\/pacifico.edu.ec\/web\/index.php\/vision\/","url":"https:\/\/pacifico.edu.ec\/web\/index.php\/vision\/","name":"Visi\u00f3n -","isPartOf":{"@id":"https:\/\/pacifico.edu.ec\/web\/#website"},"primaryImageOfPage":{"@id":"https:\/\/pacifico.edu.ec\/web\/index.php\/vision\/#primaryimage"},"image":{"@id":"https:\/\/pacifico.edu.ec\/web\/index.php\/vision\/#primaryimage"},"thumbnailUrl":"https:\/\/pacifico.edu.ec\/web\/wp-content\/uploads\/2025\/04\/vision.jpg","datePublished":"2025-04-23T12:50:48+00:00","dateModified":"2026-02-26T00:09:22+00:00","breadcrumb":{"@id":"https:\/\/pacifico.edu.ec\/web\/index.php\/vision\/#breadcrumb"},"inLanguage":"es","potentialAction":[{"@type":"ReadAction","target":["https:\/\/pacifico.edu.ec\/web\/index.php\/vision\/"]}]},{"@type":"ImageObject","inLanguage":"es","@id":"https:\/\/pacifico.edu.ec\/web\/index.php\/vision\/#primaryimage","url":"https:\/\/pacifico.edu.ec\/web\/wp-content\/uploads\/2025\/04\/vision.jpg","contentUrl":"https:\/\/pacifico.edu.ec\/web\/wp-content\/uploads\/2025\/04\/vision.jpg","width":731,"height":610},{"@type":"BreadcrumbList","@id":"https:\/\/pacifico.edu.ec\/web\/index.php\/vision\/#breadcrumb","itemListElement":[{"@type":"ListItem","position":1,"name":"Portada","item":"https:\/\/pacifico.edu.ec\/web\/"},{"@type":"ListItem","position":2,"name":"Visi\u00f3n"}]},{"@type":"WebSite","@id":"https:\/\/pacifico.edu.ec\/web\/#website","url":"https:\/\/pacifico.edu.ec\/web\/","name":"Unidad Educativa Fiscomisional \"Pac\u00edfico Cembranos\"","description":"","publisher":{"@id":"https:\/\/pacifico.edu.ec\/web\/#organization"},"potentialAction":[{"@type":"SearchAction","target":{"@type":"EntryPoint","urlTemplate":"https:\/\/pacifico.edu.ec\/web\/?s={search_term_string}"},"query-input":{"@type":"PropertyValueSpecification","valueRequired":true,"valueName":"search_term_string"}}],"inLanguage":"es"},{"@type":"Organization","@id":"https:\/\/pacifico.edu.ec\/web\/#organization","name":"Unidad Educativa Fiscomisional \"Pac\u00edfico Cembranos\"","url":"https:\/\/pacifico.edu.ec\/web\/","logo":{"@type":"ImageObject","inLanguage":"es","@id":"https:\/\/pacifico.edu.ec\/web\/#\/schema\/logo\/image\/","url":"https:\/\/pacifico.edu.ec\/web\/wp-content\/uploads\/2025\/04\/escudo1.jpg","contentUrl":"https:\/\/pacifico.edu.ec\/web\/wp-content\/uploads\/2025\/04\/escudo1.jpg","width":215,"height":183,"caption":"Unidad Educativa Fiscomisional \"Pac\u00edfico Cembranos\""},"image":{"@id":"https:\/\/pacifico.edu.ec\/web\/#\/schema\/logo\/image\/"},"sameAs":["https:\/\/www.facebook.com\/pacifico.cembranos.35"]}]}},"_links":{"self":[{"href":"https:\/\/pacifico.edu.ec\/web\/index.php\/wp-json\/wp\/v2\/pages\/34","targetHints":{"allow":["GET"]}}],"collection":[{"href":"https:\/\/pacifico.edu.ec\/web\/index.php\/wp-json\/wp\/v2\/pages"}],"about":[{"href":"https:\/\/pacifico.edu.ec\/web\/index.php\/wp-json\/wp\/v2\/types\/page"}],"author":[{"embeddable":true,"href":"https:\/\/pacifico.edu.ec\/web\/index.php\/wp-json\/wp\/v2\/users\/2"}],"replies":[{"embeddable":true,"href":"https:\/\/pacifico.edu.ec\/web\/index.php\/wp-json\/wp\/v2\/comments?post=34"}],"version-history":[{"count":3,"href":"https:\/\/pacifico.edu.ec\/web\/index.php\/wp-json\/wp\/v2\/pages\/34\/revisions"}],"predecessor-version":[{"id":200,"href":"https:\/\/pacifico.edu.ec\/web\/index.php\/wp-json\/wp\/v2\/pages\/34\/revisions\/200"}],"wp:attachment":[{"href":"https:\/\/pacifico.edu.ec\/web\/index.php\/wp-json\/wp\/v2\/media?parent=34"}],"curies":[{"name":"wp","href":"https:\/\/api.w.org\/{rel}","templated":true}]}}